50*n + 188832 + 54261. What is the greatest common divisor of n and 21?
21
Suppose 3*q + 2*h = 14, -10*q - 2 = -9*q - h. Let k be q*-30*2/(-6). Calculate the greatest common divisor of 16 and k.
4
Suppose 38*u - 2*y + 86 = 40*u, -3*u = 4*y - 129. Calculate the greatest common factor of 65 and u.
1
Let h be -6*1/(-4) + (-1114)/(-4). Let z be h/(-12)*3 - 1. Let d = 99 + z. Calculate the greatest common factor of 21 and d.
7
Let u(s) = -23*s**3 - s**2 - 4*s - 3. Let m be u(-1). Let c(y) = -y**2 + 32*y - 47. Let f be c(m). What is the greatest common divisor of 5 and f?
5
Let j(r) = 9*r**3 - 9 + 0 + 7*r - 2*r + 5*r**2 - 7*r**2 - r**2. Let a be j(2). What is the highest common divisor of 244 and a?
61
Let q be 2 + (3 - 4) - (1 + -2). Suppose q*p + 64 = 84. What is the highest common divisor of 360 and p?
10
Let r(b) = -b - 31. Let u be r(13). Let w = 49 + u. Suppose -w = -t + 13. What is the highest common factor of 45 and t?
9
Let u(q) = q**3 + q**2 + q + 11. Let k be -3 - (-18 - -6)/4. Let d be u(k). What is the greatest common divisor of d and 4?
1
Suppose 0 = -2*r - h + 25, h - 15 = -2*h. Let i be 6/5 - (-678)/r. What is the greatest common divisor of i and 92?
23
Let z be 17493/15 - -3 - 8*(-7)/70. What is the greatest common divisor of z and 130?
130
Let a(v) = 4*v**2 + 78*v + 720. Let y be a(-17). Calculate the highest common divisor of 300 and y.
50
Suppose 27*i = 26*i - 27. Let m be i/((25/(-10))/5). What is the highest common divisor of 2 and m?
2
Suppose -4 = -h, -5*x + 14*h - 9*h = -4340. Let d = x + -480. Calculate the greatest common factor of 14 and d.
14
Let d(n) = 10*n**2 - 4. Let h be d(3). Let c(u) = u + 58. Let v be c(6). Let q = h - v. What is the greatest common factor of q and 88?
22
Let v = 3241 - 2596. Calculate the greatest common divisor of 387 and v.
129
Suppose 8*s - 596 = -164. Let i be ((-7)/(-2))/((-27)/s). Let p(l) = 5*l**2 + 7. Let o be p(i). Calculate the greatest common divisor of o and 28.
28
Suppose 13*h = 169 - 130. Suppose -2*p - 8 = 3*i - 75, h*i + 73 = 2*p. What is the highest common divisor of p and 25?
5
Let h(n) = 7*n - 159. Let m be h(25). Suppose -3*y - m*y + 3705 = 0. Calculate the highest common divisor of y and 15.
15
Suppose -96*w + 940073 - 75113 = 0. Calculate the greatest common factor of w and 20.
10
Let o(d) = d**2 + d - 4. Let z be o(-3). Let c = -829 - -847. Let q = c - z. What is the greatest common factor of q and 4?
4
Let w(i) = 5*i**2 - 26*i + 17. Let r be w(5). Suppose 881 + 79 = 10*f. Calculate the highest common divisor of f and r.
12
Suppose 2*y - 422 = -351*q + 348*q, -y + q = -226. What is the highest common divisor of y and 8030?
110
Let z = -20 + 34. Suppose -7*l - z + 49 = 0. Suppose -4*b = -u - 5 + 10, -8 = -3*u + l*b. Calculate the highest common factor of u and 11.
1
Let z(p) = -39*p + 14. Suppose 3*o - 1 = -28. Let y be z(o). Suppose -5*i = 4*a - y, 0 = 4*a + 4*i - 61 - 299. Calculate the greatest common factor of 17 and a.
17
Let t(v) = 19*v + 62. Let b be t(-14). Let m = 208 + b. What is the highest common divisor of 88 and m?
4
Let d(v) = -48*v - 405. Let h be d(-9). Let f be 53 + (0 - -2)/2. What is the highest common factor of f and h?
27
Let c(w) = 21*w + 408. Let q be c(-18). What is the highest common factor of 708 and q?
6
Let q = 10016 - 9980. Calculate the greatest common divisor of q and 4332.
12
Suppose -2*w = 0, -2*w - 136 = -2*a + 116. Suppose 5*y - 276 = -3*o, 6*o - 4*o = -4*y + 220. Let z = a - y. Calculate the greatest common divisor of 18 and z.
18
Let h be ((-378)/(-36))/(3/2 - 1). Let q be 14790/119 - 6/h. Calculate the greatest common divisor of q and 8.
4
Suppose 0 = -d - 5*q + 761, -5*q + 1662 + 1427 = 4*d. Calculate the greatest common divisor of 216 and d.
8
Suppose 0 = 6*l + 62 + 46. Let m = l - -30. Let r be (8/m)/((-3)/(-216)). Calculate the highest common factor of r and 120.
24
Let k be 0*(-1 + 0 + 4/8). Suppose -10*o + 146 - 26 = k. Suppose 5*f + 378 = o*f. Calculate the highest common divisor of 6 and f.
6
Let p be (-5 - -8)*(-19)/(-1)*(-680)/(-15). What is the highest common divisor of p and 76?
76
Let n be 703 + (-15)/9 + 52/(-12). Let b = n - 642. Let g(x) = 6*x + 8. Let m be g(6). Calculate the highest common divisor of m and b.
11
Suppose 770 - 6061 - 5959 = -9*v. Calculate the highest common divisor of v and 10.
10
Let k(v) = -v**2 - 9*v + 2. Let c be k(-9). Suppose -3*n + 76 = -c. Let m(x) = 64*x + 194. Let u be m(-3). What is the greatest common factor of n and u?
2
Let x(d) = -10*d**2 + 7*d**3 + 4*d**3 - 12*d**3 - 3 - 17*d. Let l be x(-8). What is the highest common factor of l and 4?
1
Suppose n - 348 = -w, -3*w + 305*n = 310*n - 1056. Calculate the highest common factor of w and 513.
171
Let c = -2329 - -2400. What is the highest common divisor of 355 and c?
71
Let j be 6*(6 + 12/(-24)). What is the greatest common factor of 5973 and j?
33
Let t be 5340/48 + 8 + (-56)/(-32). Calculate the greatest common factor of 1 and t.
1
Let c be 1590*73/(5840/192). Calculate the greatest common divisor of 1166 and c.
106
Suppose 101*y + 60*y = 12*y + 11324. Calculate the greatest common factor of 228 and y.
76
Let w = -212 + 206. Let u be (0 - 6/21)*(w - 113). What is the highest common divisor of u and 34?
34
Let q(c) = -4*c + 95. Let l be q(-32). Let k = -199 + l. Calculate the greatest common divisor of k and 18.
6
Suppose 15*y - 39 = 12*y. Let c(w) = -2*w + 59. Let t be c(y). What is the highest common divisor of t and 55?
11
Suppose -71*a + 3785448 = -21*a + 73*a. What is the highest common divisor of 8 and a?
8
Let s be 240*(2109/(-76))/(-37). Calculate the greatest common factor of s and 620.
20
Suppose 3*o = 108 - 12. Suppose 4*r + 810 = -23*r. Let v = r + o. Calculate the greatest common divisor of 4 and v.
2
Suppose -7*q - 480 = -3*q. Let l be (-13)/(((-52)/q)/(-13)). Suppose 0 = i + 12*i - l. Calculate the greatest common factor of 12 and i.
6
Let i = 110 + -108. Let a be (1/i - -1)*360/135. Let p be (15/2 + 0)*a/3. What is the greatest common factor of p and 15?
5
Suppose -2*r = -1 + 3, -4*r = 2*n - 48. Let u(q) = -q**2 - 174*q - 832. Let x be u(-5). Calculate the highest common factor of n and x.
13
Let y(d) = 6*d - 138. Let q be y(25). Suppose 3*t - 150 = -q*t. What is the highest common factor of 520 and t?
10
Suppose 8*b = 3*b - 5*u + 13775, 129*u - 125*u = 0. What is the highest common factor of b and 38?
19
Let m be (126/45)/(-7)*3360. Let n be (-2)/(-21) + (-25408)/m. Calculate the greatest common divisor of n and 171.
19
Let h(d) = d**3 - 15*d**2 + 23*d - 55. Let x be h(14). Suppose 0 = -x*o + 72*o - 77. What is the highest common factor of 22 and o?
11
Let w be (3/(-13))/3 + 108/52. Calculate the highest common factor of 19 and w.
1
Let u(b) = b**2 + 16*b + 62. Let o be u(-6). Suppose 19*c = o*c + 4216. What is the highest common factor of c and 8?
8
Let w(x) be the second derivative of -3/2*x**2 - 3/5*x**5 + 0 + 7/12*x**4 - 3*x + 0*x**3. Let s be w(-3). What is the highest common divisor of s and 48?
48
Suppose -4*c = -2*c - 2*d - 348, -c = -4*d - 186. Let b = c - 104. What is the highest common factor of b and 42?
6
Suppose -5*i + 4*q - q - 1195 = 0, i - 4*q + 222 = 0. Let d = i - -372. Suppose 4*g - 208 = -0*g. Calculate the greatest common factor of d and g.
26
Suppose 3*m = -2*k + 726, 74 = m + k - 169. Calculate the greatest common divisor of m and 64.
16
Let j(n) = -4*n**3 + n**2 - 4*n - 6. Let a be j(-5). Let s be 792/90*(-50)/(-40). What is the greatest common divisor of s and a?
11
Let d(a) = -2*a**3 - 6*a**2 - 8*a - 25. Let p be d(-6). Suppose q - p = -4*x + 6*x, 0 = -3*q + 3*x + 705. What is the greatest common factor of 21 and q?
21
Suppose -1554*x = -1559*x + 180. Calculate the highest common factor of x and 3114.
18
Let g = -465 - -513. Suppose -7*n = -8*n + 4*r + g, -n - 5*r + 75 = 0. What is the greatest common divisor of n and 50?
10
Let p = -146 - -90. Let t = 61 + p. Calculate the greatest common factor of t and 40.
5
Let i(l) = -16*l - 3 + 56*l - 5*l + 57. Let a be i(7). What is the highest common factor of a and 26?
13
Suppose 0 = d - 2*p - 128 + 99, 1 = -p. What is the highest common factor of 837 and d?
27
Let s(d) = -13*d - 6*d + 5*d + 72 + 3. Let x be s(5). Calculate the highest common factor